{"id":113,"date":"2016-02-29T23:06:24","date_gmt":"2016-02-29T22:06:24","guid":{"rendered":"http:\/\/www.lagottoromagnolo.org\/?page_id=113"},"modified":"2026-04-16T14:50:27","modified_gmt":"2026-04-16T12:50:27","slug":"come-fare-i-test","status":"publish","type":"page","link":"http:\/\/www.lagottoromagnolo.org\/?page_id=113","title":{"rendered":"&#8220;Come fare i test&#8230;&#8221;"},"content":{"rendered":"<p style=\"text-align: right;\"><strong><a href=\"http:\/\/www.lagottoromagnolo.org\/?page_id=105\">&gt;Epilessia Giovanile \u2013 Juvenile Epilepsy (JE)<\/a>&nbsp; &nbsp; <\/strong><strong><a href=\"http:\/\/www.lagottoromagnolo.org\/?page_id=109\">&gt;Lysosomal Storage Disease (LSD)<\/a><\/strong><\/p>\n<p style=\"text-align: center;\"><span style=\"color: #ff0000;\"><strong><span style=\"font-size: 20pt;\">I laboratori riconosciuti dall&#8217;ENCI per il deposito del campione biologico (e per i vari test di malattie genetiche) =&gt;&gt; <a href=\"https:\/\/www.enci.it\/media\/9037\/i-laboratori-riconosciuti-enci-per-il-deposito-del-campione-biologico.pdf\" target=\"_blank\" rel=\"noopener\">QUI<\/a><\/span><\/strong><\/span><\/p>\n<p><strong>&#8220;Come fare i test&#8230;&#8221;<\/strong><\/p>\n<ul>\n<li>il prelievo va effettuato da un veterinario che certifica la provenienza del campione e l\u2019identit\u00e0 del cane<\/li>\n<li><strong>\u00e8 consigliabile usare un campione di sangue<\/strong> e non di saliva perch\u00e9 \u00e8 pi\u00f9 affidabile<\/li>\n<li>si utilizza una provetta con EDTA e vanno prelevati circa 1-2 ml di sangue.<\/li>\n<\/ul>\n<p>&nbsp;<\/p>\n<p><span style=\"text-decoration: underline; font-size: 16pt;\"><strong>Laboratorio con sconto per i soci C.I.L.:<\/strong><\/span><\/p>\n<h3>GENEFAST<\/h3>\n<p>Via J. Baldassari n. 6<br \/>\n47122 Forl\u00ec (FC)<br \/>\ntelefono: 0543 705473<br \/>\nfax: 0543 805270<br \/>\nE-mail:<a href=\"mailto:info@genefast.com\" target=\"_blank\" rel=\"noopener noreferrer\"> info@genefast.com<\/a><br \/>\nSito web: <a href=\"http:\/\/www.genefast.com\/\" target=\"_blank\" rel=\"noopener noreferrer\">www.genefast.com<\/a><\/p>\n<p>Il nostro laboratorio <strong>risulta accreditato ENCI come laboratorio per il deposito del DNA<\/strong>.<br \/>\nIl nostro laboratorio, il cui personale \u00e8 costituito da medici veterinari e biotecnologi veterinari, garantisce inoltre un servizio di consulenza genetica sia telefonica che via mail.<\/p>\n<p><strong>Modulo istruzioni<\/strong> per prelievo, conservazione e spedizione dei campioni biologici per <strong>Deposito DNA e Analisi di parentela<\/strong> cane.: clicca <strong><a href=\"http:\/\/www.lagottoromagnolo.org\/wp-content\/uploads\/genefastinfo.pdf\" target=\"_blank\" rel=\"noopener\">QUI<\/a><\/strong><\/p>\n<p><strong>Modulo<\/strong> da compilare per il <strong>deposito DNA<\/strong> e <strong>analisi di parentela<\/strong>: <a href=\"https:\/\/www.genefast.com\/wp-content\/uploads\/2025\/01\/REENCI2025-MOD44_1-rev.0.pdf\" target=\"_blank\" rel=\"noopener\"><strong>QUI<\/strong><\/a><\/p>\n<p><strong>Modulo<\/strong> da compilare per i <strong>test delle malattie<\/strong>: &nbsp;<strong><a href=\"https:\/\/www.genefast.com\/wp-content\/uploads\/2026\/02\/Richiesta-esami-mod.29-01.01.2026.pdf\" target=\"_blank\" rel=\"noopener\">QUI<\/a><\/strong><br \/>\nSe volete fare solo i test singoli si trovano su queste pagine:<br \/>\n&#8211; JE: pagina 7<br \/>\n&#8211; Furnishing: pagina 7<br \/>\n&#8211; LSD: pagina 9<br \/>\nIl profilo lagotto che comprende il JE, LSD, furnishing e deposito DNA si chiama &#8220;pacchetto lagotto&#8221; e si trova sulla pagina 13.<\/p>\n<p>I <span style=\"color: #ff00ff;\"><strong>soci del CIL<\/strong><\/span> possono usufruire di una convenzione con condizioni interessanti per l\u2019esecuzione delle seguenti procedure:<\/p>\n<p><strong>Tutti i prezzi sono da considerarsi IVA inclusa.<\/strong> (<strong><span style=\"color: #ff00ff;\">prezzi e condizioni aggiornati nel 24\/03\/2025<\/span><\/strong>)<\/p>\n<table>\n<tbody>\n<tr>\n<td><strong>Analisi<\/strong><\/td>\n<td><strong>Tempistica di refertazione<\/strong><\/td>\n<td><strong>Prezzo di listino euro<\/strong><\/td>\n<td><strong>Prezzo scontato euro<\/strong><\/td>\n<\/tr>\n<tr>\n<td><strong>Profilo genetico panello ISAG 2008<\/strong> &#8211; include deposito<\/td>\n<td>15 gg lavorativi<\/td>\n<td>60.00\/soggetto<\/td>\n<td>60.00\/soggetto<\/td>\n<\/tr>\n<tr>\n<td><strong>Verifica di parentela\/Confronto tra profili\/Comunicazione dell&#8217;esito<\/strong><\/td>\n<td>&nbsp;<\/td>\n<td>20.00\/parentela<\/td>\n<td>20.00\/parentela<\/td>\n<\/tr>\n<tr>\n<td><strong>Confronto tra panelli esistenti<\/strong><\/td>\n<td>&nbsp;<\/td>\n<td>12.00\/profilo<\/td>\n<td>12.00\/profilo<\/td>\n<\/tr>\n<tr>\n<td><strong>Deposito campione biologico ENCI<\/strong><\/td>\n<td>1-2 gg lavorativi<\/td>\n<td>20.00<\/td>\n<td>20.00<\/td>\n<\/tr>\n<tr>\n<td><strong>Epilessia Familiare Giovanile Benigna (JE)<\/strong> (mutazione c.1552a&gt;t gene Lgi 2)<\/td>\n<td>10-15 gg lavorativi<\/td>\n<td>67.10<\/td>\n<td>53.68<\/td>\n<\/tr>\n<tr>\n<td><strong>Furnishing<\/strong> (gene RSPO2)<\/td>\n<td>10-15 gg lavorativi<\/td>\n<td>40.00<\/td>\n<td>36.60<\/td>\n<\/tr>\n<tr>\n<td><strong>Lysosomal Storage Disease (LSD)<\/strong><\/td>\n<td>5-7 gg lavorativi<\/td>\n<td>67.10<\/td>\n<td>53.68<\/td>\n<\/tr>\n<tr>\n<td><strong>Locus A &#8211; Agouti<\/strong> (allele Y, TAN, NON AGOUTI)<\/td>\n<td>10-15 gg lavorativi<\/td>\n<td>42.70<\/td>\n<td>40.00<\/td>\n<\/tr>\n<tr>\n<td><strong>Locus E<\/strong> (Colore Pelo Giallo, Albicocca,\u2026)<\/td>\n<td>5-7 gg lavorativi<\/td>\n<td>40.00<\/td>\n<td>36.60<\/td>\n<\/tr>\n<tr>\n<td><strong>Locus oK<\/strong> <strong><span style=\"color: #ff0000;\">(*)<\/span><\/strong><\/td>\n<td>10-15 gg lavorativi<\/td>\n<td>60.00<\/td>\n<td>48.00<\/td>\n<\/tr>\n<tr>\n<td><strong>Prcd-Pra *<\/strong><\/td>\n<td>15-21 gg lavorativi<\/td>\n<td>95.00<\/td>\n<td>95.00<\/td>\n<\/tr>\n<tr>\n<td><strong>Ipertermia maligna<\/strong><\/td>\n<td>5-7 gg lavorativi<\/td>\n<td>73.20<\/td>\n<td>58.56<\/td>\n<\/tr>\n<tr>\n<td><span style=\"color: #ff0000;\"><strong>Profilo Lagotto Romagnolo<br \/>\n<\/strong><\/span><strong>(JE, LSD, Furnishing + Deposito campione biologico)<\/strong><\/td>\n<td>10-15 gg lavorativi<\/td>\n<td>136.64<\/td>\n<td>110.00<\/td>\n<\/tr>\n<\/tbody>\n<\/table>\n<p>* <span id=\"page3R_mcid66\" class=\"markedContent\"><span dir=\"ltr\" role=\"presentation\"> presso laboratorio partner estero.<\/span><\/span><br \/>\n<strong><span style=\"color: #ff0000;\">(*) &#8211;&nbsp;<\/span><\/strong><span style=\"color: #000000;\">Il <span style=\"color: #ff0000;\"><strong>locus oK \u00e8 il nome<\/strong><\/span> che \u00e8 stato dato al test per le mutazioni <span style=\"color: #ff0000;\"><strong>del locus K<\/strong><\/span> eseguito con metodica digital PCR (Digital biopsy\u00ae) che permette di distinguere tutti gli alleli del locus K e che solo il nostro laboratorio esegue.<\/span><span id=\"page3R_mcid70\" class=\"markedContent\"><\/span><\/p>\n<p><strong>Informazione importante relativa a tamponi\/brush spediti per analisi genetiche:<\/strong><br \/>\nIn caso di invio di tamponi o citobrush i tempi di refertazione potranno subire prolungamenti. Nel caso in cui il laboratorio richieda di inviare nuovamente il campione per materiale non idoneo e\/o insufficiente sar\u00e0 imputato l&#8217;intero costo dell&#8217;analisi.<\/p>\n<p><strong>Urgenza<\/strong>: Per le analisi con carattere di urgenza i risultati saranno disponibili in 5 gg lavorativi. Il costo in urgenza subir\u00e0 una <span style=\"text-decoration: underline;\">maggiorazione del 30%<\/span>, e non pu\u00f2 essere applicato ai Profili di analisi n\u00e9 ad analisi da inviare a laboratori partner.<\/p>\n<p><strong>Nota prelevatore<\/strong>: nel caso in cui il campione non sia stato prelevato da medico veterinario regolarmente iscritto all&#8217;ordine o da delegato CIL, il referto riporter\u00e0 la dicitura &#8220;<em>Prelievo non certificato da Medico Veterinario<\/em>&#8221;<\/p>\n<p><strong>Condizioni di pagamento<\/strong>: Il saldo della prestazioni e dell&#8217;eventuale utilizzo del ns. corriere convenzionato (v. in seguito) dovr\u00e0 avvenire <strong>anticipatamente<\/strong> tramite:<br \/>\n&#8211; Bonifico bancario al seguente CC intestato a <strong>Genefast Srl: UnicreditBanca IBAN IT48K0200813202000104968077<\/strong><br \/>\n&#8211; Bolletino postale sul <strong>c\/c postale n. 000098914856<\/strong>&nbsp;<br \/>\n&#8211; PayPal al seguente indirizzo https:\/\/www.genefast.com\/esami\/#paypal<\/p>\n<p><strong>CAUSALE<\/strong>: analisi richieste + intestatario fatturazione (es. PKD di Mario Rossi)<\/p>\n<p><strong>Copia del pagamento<\/strong> dovr\u00e0 essere allegata alla richiesta esami e inviata assieme ai campioni inoltre, dovr\u00e0 essere allegata la <strong>tessera associativa aggiornata<\/strong> per poter usufruire della scontistica della Convenzione.<\/p>\n<p><strong>Invio dei campioni:<\/strong><br \/>\n<strong>1. Posta (raccomandata\/celere\/prioritaria)<\/strong><br \/>\n<strong>2. Corriere convenzionato:<\/strong><br \/>\neuro 12.00 (iva inclusa) da penisola italiana<br \/>\neuro 15.00 (iva inclusa) da isole maggiori)<\/p>\n<p>Tale offerta risulter\u00e0 valida fino al 31\/12\/2025 e sar\u00e0 valida solo per i membri del vostro Club, <span style=\"color: #ff00ff;\"><strong>allegando la fotocopia della tessera<\/strong><\/span> associativa aggiornata al momento della spedizione.<\/p>\n<p>&nbsp;<\/p>\n","protected":false},"excerpt":{"rendered":"<p>&gt;Epilessia Giovanile \u2013 Juvenile Epilepsy (JE)&nbsp; &nbsp; &gt;Lysosomal Storage Disease (LSD) I laboratori riconosciuti dall&#8217;ENCI per il deposito del campione biologico (e per i vari test di malattie genetiche) =&gt;&gt; QUI &#8220;Come fare i test&#8230;&#8221; il prelievo va effettuato da <span class=\"excerpt-dots\">&hellip;<\/span> <a class=\"more-link\" href=\"http:\/\/www.lagottoromagnolo.org\/?page_id=113\"><span class=\"more-msg\">Continua a leggere &rarr;<\/span><\/a><\/p>\n","protected":false},"author":1,"featured_media":0,"parent":103,"menu_order":0,"comment_status":"closed","ping_status":"closed","template":"","meta":{"ngg_post_thumbnail":0,"footnotes":""},"class_list":["post-113","page","type-page","status-publish","hentry"],"_links":{"self":[{"href":"http:\/\/www.lagottoromagnolo.org\/index.php?rest_route=\/wp\/v2\/pages\/113","targetHints":{"allow":["GET"]}}],"collection":[{"href":"http:\/\/www.lagottoromagnolo.org\/index.php?rest_route=\/wp\/v2\/pages"}],"about":[{"href":"http:\/\/www.lagottoromagnolo.org\/index.php?rest_route=\/wp\/v2\/types\/page"}],"author":[{"embeddable":true,"href":"http:\/\/www.lagottoromagnolo.org\/index.php?rest_route=\/wp\/v2\/users\/1"}],"replies":[{"embeddable":true,"href":"http:\/\/www.lagottoromagnolo.org\/index.php?rest_route=%2Fwp%2Fv2%2Fcomments&post=113"}],"version-history":[{"count":73,"href":"http:\/\/www.lagottoromagnolo.org\/index.php?rest_route=\/wp\/v2\/pages\/113\/revisions"}],"predecessor-version":[{"id":21991,"href":"http:\/\/www.lagottoromagnolo.org\/index.php?rest_route=\/wp\/v2\/pages\/113\/revisions\/21991"}],"up":[{"embeddable":true,"href":"http:\/\/www.lagottoromagnolo.org\/index.php?rest_route=\/wp\/v2\/pages\/103"}],"wp:attachment":[{"href":"http:\/\/www.lagottoromagnolo.org\/index.php?rest_route=%2Fwp%2Fv2%2Fmedia&parent=113"}],"curies":[{"name":"wp","href":"https:\/\/api.w.org\/{rel}","templated":true}]}}