{"id":1200,"date":"2016-03-11T21:15:53","date_gmt":"2016-03-11T20:15:53","guid":{"rendered":"http:\/\/www.lagottoromagnolo.org\/?page_id=1200"},"modified":"2023-05-11T19:20:54","modified_gmt":"2023-05-11T17:20:54","slug":"come-fare-il-pedigree","status":"publish","type":"page","link":"http:\/\/www.lagottoromagnolo.org\/?page_id=1200","title":{"rendered":"&#8220;Come fare il pedigree&#8230;&#8221;"},"content":{"rendered":"<p><a href=\"http:\/\/www.lagottoromagnolo.org\/?page_id=132\">&gt;Indietro<\/a><\/p>\n<p style=\"text-align: left;\">Il regolamento intero: clicca&nbsp;<strong><a href=\"http:\/\/www.lagottoromagnolo.org\/wp-content\/uploads\/pedigree.pdf\" target=\"_blank\" rel=\"noopener noreferrer\">QUI<\/a><br \/>\n<\/strong>Limitazione accesso RSR raduni e mostre speciali dal 1 gennaio 2021: clicca <strong><a href=\"http:\/\/www.lagottoromagnolo.org\/wp-content\/uploads\/Limitazione-accesso-RSR-CTC-27-11-2019-CE-12-5-2020.pdf\" target=\"_blank\" rel=\"noopener noreferrer\">QUI<\/a><\/strong><\/p>\n<p>E&#8217; possibile ottenere l&#8217;iscrizione nel<strong>&nbsp;Registro Supplementare Riconosciuti (RSR)<\/strong>&nbsp;per i lagotti privi di pedigree se&nbsp;presentano caratteristiche tipiche della razza sia morfologiche che di lavoro.&nbsp;L\u2019RSR serve proprio per includere anche questi soggetti nella razza, si tratta di un pedigree di prima generazione,&nbsp;in cui verr\u00e0 citato il&nbsp;cane come capostipite, sar\u00e0 il primo della sua generazione e anche l\u2019unico iscritto nel proprio pedigree, il posto degli ascendenti \u00e8 vuoto (sono sconosciuti).<\/p>\n<p><strong>Requisiti per il cane:<\/strong><\/p>\n<p>&#8211; deve avere almeno 9 mesi (compiuti un giorno prima della&nbsp;data del\u2019evento al quale partecipa)<br \/>\n&#8211; deve avere microchip<br \/>\n&#8211; deve essere iscritto all\u2019Anagrafe Canina locale<\/p>\n<p>Per poter richiedere&nbsp;il pedigree il cane deve ottenere due risultati, uno di bellezza e l\u2019altro di lavoro,<strong> l\u2019ordine non ha importanza<\/strong>, pu\u00f2 fare prima indifferentemente&nbsp;uno o l\u2019altro.<\/p>\n<p><strong>BELLEZZA<\/strong>:<br \/>\nDeve partecipare a una Mostra Speciale o un Raduno (Raduno razze italiane, Raduno di razza o Raduno Club Italiano Lagotto), <strong>iscritto nella classe RSR<\/strong>, dove, se il giudice lo ritiene idoneo pu\u00f2 ottenere il <strong>\u201cCertificato di Tipicit\u00e0\u201d&nbsp;<\/strong>In caso non lo ottenga non potr\u00e0 pi\u00f9 richiederlo, si ha <strong>solo una possibilit\u00e0<\/strong>.<\/p>\n<p>Calendario Mostre Speciali e Raduni : clicca <strong><a href=\"http:\/\/www.lagottoromagnolo.org\/?page_id=156\" target=\"_blank\" rel=\"noopener noreferrer\">QUI<\/a><\/strong><\/p>\n<p>Sito per iscriversi ai diversi esposizioni (Mostre Speciali) e raduni:<\/p>\n<ul>\n<li><a href=\"http:\/\/www.encishow.it\" target=\"_blank\" rel=\"noopener noreferrer\"><strong>encishow<\/strong><\/a><\/li>\n<\/ul>\n<p>&nbsp;<\/p>\n<p><strong>LAVORO:<\/strong><br \/>\nDeve partecipare una prova E.N.C.I. di cerca del tartufo di tipo A, iscritto nella classe RSR, dove deve ottenere una qualifica almeno di <strong>Molto Buono<\/strong>, oppure il &#8220;<strong>Certificato di Qualit\u00e0 Naturali&#8221; (CQN). <\/strong>Nel &nbsp;caso non ottenga il risultato richiesto potr\u00e0 riprovare in un&#8217;altra occasione, <strong>non c&#8217;\u00e8 un limite al numero di tentativi<\/strong> possibili.<\/p>\n<p>Calendario prove di lavoro CIL: clicca&nbsp; <strong><a href=\"http:\/\/www.lagottoromagnolo.org\/?page_id=156\" target=\"_blank\" rel=\"noopener noreferrer\">QUI<\/a><\/strong><\/p>\n<p>Sito per iscriversi alle prove di lavoro:<\/p>\n<ul>\n<li><a href=\"https:\/\/prove.enci.it\/\" target=\"_blank\" rel=\"noopener noreferrer\"><strong>enciprove<\/strong><\/a><\/li>\n<\/ul>\n<p>&nbsp;<\/p>\n<p><a href=\"http:\/\/www.lagottoromagnolo.org\/?page_id=132\">&gt;Indietro<\/a><\/p>\n<p>&nbsp;<\/p>\n<p>&nbsp;<\/p>\n","protected":false},"excerpt":{"rendered":"<p>&gt;Indietro Il regolamento intero: clicca&nbsp;QUI Limitazione accesso RSR raduni e mostre speciali dal 1 gennaio 2021: clicca QUI E&#8217; possibile ottenere l&#8217;iscrizione nel&nbsp;Registro Supplementare Riconosciuti (RSR)&nbsp;per i lagotti privi di pedigree se&nbsp;presentano caratteristiche tipiche della razza sia morfologiche che di <span class=\"excerpt-dots\">&hellip;<\/span> <a class=\"more-link\" href=\"http:\/\/www.lagottoromagnolo.org\/?page_id=1200\"><span class=\"more-msg\">Continua a leggere &rarr;<\/span><\/a><\/p>\n","protected":false},"author":2,"featured_media":0,"parent":132,"menu_order":0,"comment_status":"closed","ping_status":"closed","template":"","meta":{"ngg_post_thumbnail":0,"footnotes":""},"class_list":["post-1200","page","type-page","status-publish","hentry"],"_links":{"self":[{"href":"http:\/\/www.lagottoromagnolo.org\/index.php?rest_route=\/wp\/v2\/pages\/1200","targetHints":{"allow":["GET"]}}],"collection":[{"href":"http:\/\/www.lagottoromagnolo.org\/index.php?rest_route=\/wp\/v2\/pages"}],"about":[{"href":"http:\/\/www.lagottoromagnolo.org\/index.php?rest_route=\/wp\/v2\/types\/page"}],"author":[{"embeddable":true,"href":"http:\/\/www.lagottoromagnolo.org\/index.php?rest_route=\/wp\/v2\/users\/2"}],"replies":[{"embeddable":true,"href":"http:\/\/www.lagottoromagnolo.org\/index.php?rest_route=%2Fwp%2Fv2%2Fcomments&post=1200"}],"version-history":[{"count":22,"href":"http:\/\/www.lagottoromagnolo.org\/index.php?rest_route=\/wp\/v2\/pages\/1200\/revisions"}],"predecessor-version":[{"id":17062,"href":"http:\/\/www.lagottoromagnolo.org\/index.php?rest_route=\/wp\/v2\/pages\/1200\/revisions\/17062"}],"up":[{"embeddable":true,"href":"http:\/\/www.lagottoromagnolo.org\/index.php?rest_route=\/wp\/v2\/pages\/132"}],"wp:attachment":[{"href":"http:\/\/www.lagottoromagnolo.org\/index.php?rest_route=%2Fwp%2Fv2%2Fmedia&parent=1200"}],"curies":[{"name":"wp","href":"https:\/\/api.w.org\/{rel}","templated":true}]}}