{"id":23,"date":"2016-02-29T21:14:52","date_gmt":"2016-02-29T20:14:52","guid":{"rendered":"http:\/\/www.lagottoromagnolo.org\/?page_id=23"},"modified":"2026-01-02T18:10:24","modified_gmt":"2026-01-02T17:10:24","slug":"associarsi-al-c-i-l","status":"publish","type":"page","link":"http:\/\/www.lagottoromagnolo.org\/?page_id=23","title":{"rendered":"Associarsi al C.I.L."},"content":{"rendered":"<p><a href=\"http:\/\/www.lagottoromagnolo.org\/?page_id=19\">&gt; Indietro<\/a><\/p>\n<hr>\n<p>&nbsp;<\/p>\n<div class=\"moz-text-html\" lang=\"x-unicode\">\n<div dir=\"ltr\">\n<h2 style=\"text-align: center;\">PROCEDURA PER ASSOCIARSI AL CIL, E OTTENERE LA TESSERA ENCI<\/h2>\n<h4>Da 2022 la tessera E.N.C.I. cartacea non esiste pi\u00f9, i Soci al momento dell\u2019adesione al Club (sia per nuova adesione che per rinnovo) riceveranno via e-mail o sms un link con il quale sar\u00e0 possibile scaricare le tessera in formato elettronico (pdf).<\/h4>\n<h4>Il primo passo per chi vuole associarsi al Club Italiano Lagotto \u00e8 compilare ed inviare la domanda di associazione on-line disponibile nel sito del club.<br \/>\nLa compilazione del modulo \u00e8 fondamentale anche in caso di rinnovo per verificare che i dati siano aggiornati ed indicare l\u2019indirizzo mail o il numero di telefono mobile su cui ricevere la tessera in formato elettronico.<\/h4>\n<h4>Il secondo passo \u00e8 il pagamento della quota associativa. Nel sito sono indicate le coordinate Bancarie per poter effettuare il bonifico. In caso di difficolt\u00e0 o impossibilit\u00e0 contattare la segreteria del club o il referente per il tesseramento.<br \/>\nIl solo pagamento senza l\u2019invio del modulo non permette di completare il tesseramento.<\/h4>\n<h4>SOLO DOPO CHE IL CLUB AVRA\u2019 RICEVUTO IL MODULO DI ADESIONE E L\u2019ACCREDITO, la procedura potr\u00e0 continuare , in quanto la data di accredito assieme ai dati forniti nella domanda dal socio saranno indispensabili per l\u2019iscrizione all\u2019 E.N.C.I.<\/h4>\n<h4>In caso di RINNOVO (da parte di un socio dell\u2019anno precedente), una volta ricevuto il modulo di iscrizione e l\u2019accredito della quota sociale, il Club pu\u00f2 richiedere tramite il portale E.N.C.I. l\u2019iscrizione del socio C.I.L. nel database della stessa E.N.C.I. e l\u2019emissione della relativa tessera.<\/h4>\n<h4>In caso di NUOVA ADESIONE lo <a href=\"http:\/\/www.lagottoromagnolo.org\/?page_id=32\" target=\"_blank\" rel=\"noopener noreferrer\">Statuto<\/a> prevede che ci debba essere l\u2019approvazione da parte del Consiglio Direttivo, di norma il, Consiglio si riunisce alla fine di ogni mese per l\u2019approvazione dei nuovi soci, solo dopo questo passaggio OBBLIGATORIO sar\u00e0 possibile l\u2019inserimento nel database E.N.C.I. e l\u2019emissione della tessera.<br \/>\nRicordiamo che anche i soci degli anni precedenti che non si siano tesserati nell&#8217;anno precedente a termini di Statuto sono considerati nuovi soci e devono seguire lo stesso iter di questi ultimi.<\/h4>\n<h4>Con l\u2019applicazione della nuova procedura, non c\u2019\u00e8 pi\u00f9 a disposizione del C.I.L. alcuna possibilit\u00e0 di poter modificare a sua discrezione, nessuna fase di questo processo che in talune occasioni in passato presentava pi\u00f9 flessibilit\u00e0.<\/h4>\n<h4>E\u2019 possibile scaricare sul telefono l\u2019app Enci Mobile per la gestione della tessera, disponibile negli store per android o per apple. I link per scaricare questa app saranno inviati assieme a quello per scaricare la tessera.<\/h4>\n<\/div>\n<\/div>\n<p style=\"text-align: center;\"><strong>La validit\u00e0 della tessera \u00e8 sempre <span style=\"color: #ff0000;\">fino a 31 dicembre<\/span> dell&#8217;anno corrente.<\/strong><\/p>\n<hr>\n<h2 style=\"text-align: center;\"><strong><a href=\"http:\/\/www.lagottoromagnolo.org\/?page_id=14829\">&gt;&gt; Modulo &lt;&lt;<\/a><\/strong><\/h2>\n<hr>\n<p><a href=\"http:\/\/www.lagottoromagnolo.org\/wp-content\/uploads\/gb.gif\"><img loading=\"lazy\" decoding=\"async\" class=\"wp-image-7734 aligncenter\" src=\"http:\/\/www.lagottoromagnolo.org\/wp-content\/uploads\/gb-150x100.gif\" alt=\"\" width=\"50\" height=\"33\" srcset=\"http:\/\/www.lagottoromagnolo.org\/wp-content\/uploads\/gb-150x100.gif 150w, http:\/\/www.lagottoromagnolo.org\/wp-content\/uploads\/gb-300x200.gif 300w\" sizes=\"auto, (max-width: 50px) 100vw, 50px\" \/><\/a><\/p>\n<h2 style=\"text-align: center;\"><strong><a href=\"http:\/\/www.lagottoromagnolo.org\/?page_id=16526\">&gt;&gt; Form (to fill out) &lt;&lt;<\/a><\/strong><\/h2>\n<hr>\n<p>Il Club Italiano Lagotto Quintino Toschi in questi anni ha visto crescere in modo consistente la propria attivit\u00e0 ottenendo risultati importanti e confermando la propria vocazione originale di associazione con un forte impegno zootecnico e cinotecnico. Nel 2014 l&#8217;assegnazione da parte dell&#8217;E.N.C.I. del CAC in prova di cerca del tartufo, con la conseguenza che il Lagotto \u00e8 diventato razza sottoposta a prova di lavoro in Italia, ha segnato un traguardo importantissimo per un impegno portato avanti fin dalla nascita del C.I.L., volto a salvaguardare assieme alle caratteristiche morfologiche quelle caratteriali e attitudinali che costituiscono un patrimonio fondamentale della nostra razza.<\/p>\n<p>Tutta l&#8217;attivit\u00e0 del Club \u00e8 svolta attraverso lavoro volontario e non sarebbe possibile senza il contributo di tutti i soci.&nbsp;<\/p>\n<p>Negli ultimi anni l&#8217;attivit\u00e0 informativa del C.I.L. si \u00e8 concentrata sul sito internet (www.lagottoromagnolo.org) all&#8217;interno del quale si trovano le informazioni sui programmi di attivit\u00e0, sui risultati di raduni, mostre speciali e prove di lavoro con una ampia documentazione fotografica, \u00e8 presente una sezione informativa sulle patologie genetiche della razza e sulle modalit\u00e0 per effettuare i test (per i soci \u00e8 disponibile una convenzione per effettuare alcuni esami a prezzi scontati), ci sono i programmi delle singole manifestazioni organizzate dal Club con i moduli per l&#8217;iscrizione online.<\/p>\n<p>Su&nbsp;Facebook il <strong><a href=\"http:\/\/www.facebook.com\/groups\/528795490473192\/\" target=\"_blank\" rel=\"noopener noreferrer\">gruppo \u201cClub Italiano Lagotto\u201d<\/a><\/strong>, <strong>riservato ai soci<\/strong>, \u00e8 un importante strumento per lo scambio di informazioni e la comunicazione. Possono chiedere di essere membri del gruppo i familiari di quei soci C.I.L. che non sono presenti nel gruppo, scrivendo come risposta alla domanda di iscrizione nel gruppo: il cognome + nome + numero della tessera del familiare socio.<\/p>\n<p>Per migliorare la comunicazione, magari anche ritornando a realizzare una rivista periodica cartacea, sarebbe importante poter contare sull&#8217;aiuto di nuove persone disponibili ad impegnarsi in questa attivit\u00e0.<\/p>\n<p>Il Club Italiano Lagotto, dopo oltre 30 anni, conferma di essere una realt\u00e0 vitale ed estremamente attiva, tutti i soci sono invitati a portare il proprio contributo per arricchire e migliorare le attivit\u00e0 svolte.<\/p>\n<h5>Se condividete l&#8217;interesse per il Lagotto e le finalit\u00e0 del nostro Club potete diventarne soci.<\/h5>\n<p>I soci del C.I.L. sono anche soci collettivi dell&#8217;E.N.C.I . e ricevono la rivista mensile &#8220;I nostri cani&#8221; e possono fruire <strong><a href=\"http:\/\/www.enci.it\/assicurazionisoci\" target=\"_blank\" rel=\"noopener noreferrer\">l&#8217;assicurazione E.N.C.I.<\/a>&nbsp;<\/strong>E&#8217; prevista anche una convenzione con i laboratori Genefast e Laboklin per i soci C.I.L. per eseguire a prezzo agevolato alcuni <strong><a href=\"http:\/\/www.lagottoromagnolo.org\/?page_id=113\" target=\"_blank\" rel=\"noopener noreferrer\">test genetici<\/a>.<\/strong><\/p>\n<hr>\n<p><a href=\"http:\/\/www.lagottoromagnolo.org\/?page_id=19\">&gt; Indietro<\/a><\/p>\n","protected":false},"excerpt":{"rendered":"<p>&gt; Indietro &nbsp; PROCEDURA PER ASSOCIARSI AL CIL, E OTTENERE LA TESSERA ENCI Da 2022 la tessera E.N.C.I. cartacea non esiste pi\u00f9, i Soci al momento dell\u2019adesione al Club (sia per nuova adesione che per rinnovo) riceveranno via e-mail o <span class=\"excerpt-dots\">&hellip;<\/span> <a class=\"more-link\" href=\"http:\/\/www.lagottoromagnolo.org\/?page_id=23\"><span class=\"more-msg\">Continua a leggere &rarr;<\/span><\/a><\/p>\n","protected":false},"author":1,"featured_media":0,"parent":19,"menu_order":0,"comment_status":"closed","ping_status":"closed","template":"","meta":{"ngg_post_thumbnail":0,"footnotes":""},"class_list":["post-23","page","type-page","status-publish","hentry"],"_links":{"self":[{"href":"http:\/\/www.lagottoromagnolo.org\/index.php?rest_route=\/wp\/v2\/pages\/23","targetHints":{"allow":["GET"]}}],"collection":[{"href":"http:\/\/www.lagottoromagnolo.org\/index.php?rest_route=\/wp\/v2\/pages"}],"about":[{"href":"http:\/\/www.lagottoromagnolo.org\/index.php?rest_route=\/wp\/v2\/types\/page"}],"author":[{"embeddable":true,"href":"http:\/\/www.lagottoromagnolo.org\/index.php?rest_route=\/wp\/v2\/users\/1"}],"replies":[{"embeddable":true,"href":"http:\/\/www.lagottoromagnolo.org\/index.php?rest_route=%2Fwp%2Fv2%2Fcomments&post=23"}],"version-history":[{"count":54,"href":"http:\/\/www.lagottoromagnolo.org\/index.php?rest_route=\/wp\/v2\/pages\/23\/revisions"}],"predecessor-version":[{"id":21655,"href":"http:\/\/www.lagottoromagnolo.org\/index.php?rest_route=\/wp\/v2\/pages\/23\/revisions\/21655"}],"up":[{"embeddable":true,"href":"http:\/\/www.lagottoromagnolo.org\/index.php?rest_route=\/wp\/v2\/pages\/19"}],"wp:attachment":[{"href":"http:\/\/www.lagottoromagnolo.org\/index.php?rest_route=%2Fwp%2Fv2%2Fmedia&parent=23"}],"curies":[{"name":"wp","href":"https:\/\/api.w.org\/{rel}","templated":true}]}}